{"id":9,"date":"2024-07-03T13:48:12","date_gmt":"2024-07-03T11:48:12","guid":{"rendered":"https:\/\/grawmetropolie.polsl.pl\/?page_id=9"},"modified":"2025-05-04T09:32:35","modified_gmt":"2025-05-04T07:32:35","slug":"strona-glowna","status":"publish","type":"page","link":"https:\/\/grawmetropolie.polsl.pl\/index.php\/strona-glowna\/","title":{"rendered":"O GRZE"},"content":{"rendered":"\n<p class=\"has-text-align-left\"><strong>GRA W METROPOLI\u0118<\/strong> ma celu popularyzacj\u0119 wiedzy o G\u00f3rno\u015bl\u0105sko-Zag\u0142\u0119biowskiej metropolii oraz zrozumienie jest wieloaspektowej z\u0142o\u017cono\u015bci. <\/p>\n\n\n\n<p>Nieskromnie uwa\u017camy, \u017ce METROPOLI jest wyj\u0105tkowa, poniewa\u017c:<\/p>\n\n\n\n<p>To gra dla wszystkich nie tylko architekt\u00f3w<br>To gra, w kt\u00f3r\u0105 mo\u017cna skuteczniej gra\u0107 i wygra\u0107 tylko przez dobre poznanie metropolii<br>To gra, w kt\u00f3rej plansz\u0105 jest fragment planu metropolii, a pola, w kt\u00f3re gracz inwestuje to wybrane lokacje<br>To gra, kt\u00f3ra promuje komunikacje publiczn\u0105, kt\u00f3ra wspiera bardziej zr\u00f3wnowa\u017cony rozw\u00f3j miast<br>To gra lokalna, osadzona geograficznie w metropolii GZM, w kt\u00f3rej quizy nawi\u0105zuj\u0105 do \u015bl\u0105skiej tradycji, a nawet j\u0119zyka<br>To gra tak\u017ce karciana,\u00a0 w kt\u00f3rej karty reprezentuj\u0105 wiedz\u0119 o regionie oraz pozwalaj\u0105 na do\u015bwiadczanie przestrzeni w formie modeli 3D<br>Posiada rozpoznawalne i nietypowe pionki przedstawiaj\u0105ce miniatury najwa\u017cniejszych obiekt\u00f3w (Spodka Radiostacji i innych)<br><strong>To gra, w kt\u00f3rej design edukuje<\/strong><\/p>\n\n\n\n<p class=\"has-text-align-left\">Metropolia GZM posiada liczne walory zwi\u0105zane nie tylko z dziedzictwem poprzemys\u0142owym, ale tak\u017ce kulturowym. Oferuje atrakcyjne miejsca do pracy, zamieszkania oraz rekreacji i wypoczynku. <em>Ta intensywnie zurbanizowana i g\u0119sto zaludniona, pierwsza metropolia w Polsce jest wyj\u0105tkowa i nietypowa, ze wzgl\u0119du na g\u0119st\u0105 sie\u0107 powi\u0105za\u0144 komunikacyjnych.<\/em><\/p>\n\n\n\n<p><strong>Gra zosta\u0142a przygotowana dla odbiorc\u00f3w w ka\u017cdym wieku.<\/strong> O<strong>feruje klasyczn\u0105 gr\u0119 w karty, u\u0142o\u017cenie mapy metropolii jak puzzli, wspomaga orientacj\u0119, zawiera quizy i gry planszowe, kt\u00f3re przybli\u017caj\u0105 wiedz\u0119 o GZM<\/strong>. Karty zawieraj\u0105 odwo\u0142ania do lokalizacji, kt\u00f3re mo\u017cna do\u015bwiadcza\u0107 w formie modeli 3D, tak\u017ce z wykorzystaniem rzeczywisto\u015bci rozszerzonej. GRA W METROPOLI\u0118 demonstruje jej potencja\u0142, a tak\u017ce uczy bawi\u0105c.<\/p>\n\n\n\n<p><a href=\"https:\/\/repolis.bg.polsl.pl\/dlibra\/publication\/88552\/edition\/78699\/content\"><strong>https:\/\/repolis.bg.polsl.pl\/dlibra\/publication\/88552\/edition\/78699\/content<\/strong><\/a><\/p>\n\n\n\n<p>Modele struktury Metropolii GZM &#8211; gra w Metropoli\u0119 : gra karciana, gra planszowa ; Models of the structure of the GZM Metropolis &#8211; Metropolis game : card game, board game, Wydawnictwo Politechniki \u015al\u0105skiej, 2024, ISBN 978-83-7880-960-9&nbsp;<a href=\"https:\/\/doi.org\/10.34918\/88552\">https:\/\/doi.org\/10.34918\/88552<\/a><\/p>\n\n\n\n<figure class=\"wp-block-image size-large\"><img loading=\"lazy\" decoding=\"async\" width=\"1024\" height=\"473\" src=\"https:\/\/grawmetropolie.polsl.pl\/wp-content\/uploads\/2024\/07\/20231212_144055-1024x473.jpg\" alt=\"\" class=\"wp-image-38\" srcset=\"https:\/\/grawmetropolie.polsl.pl\/wp-content\/uploads\/2024\/07\/20231212_144055-1024x473.jpg 1024w, https:\/\/grawmetropolie.polsl.pl\/wp-content\/uploads\/2024\/07\/20231212_144055-300x139.jpg 300w, https:\/\/grawmetropolie.polsl.pl\/wp-content\/uploads\/2024\/07\/20231212_144055-768x355.jpg 768w, https:\/\/grawmetropolie.polsl.pl\/wp-content\/uploads\/2024\/07\/20231212_144055-1536x710.jpg 1536w, https:\/\/grawmetropolie.polsl.pl\/wp-content\/uploads\/2024\/07\/20231212_144055.jpg 1920w\" sizes=\"auto, (max-width: 767px) 89vw, (max-width: 1000px) 54vw, (max-width: 1071px) 543px, 580px\" \/><\/figure>\n\n\n\n<p>Zestaw stanowi 65 kart, z czego 54 karty to figury od 2 do asa oraz dwa jokerypozosta\u0142e to karty informacyjne z opisem gier dedykowanych po\u015bwi\u0119conych metropolii.<\/p>\n\n\n\n<p> Zestaw nie zawiera pionk\u00f3w i kostke, kt\u00f3re nie s\u0105 jednak konieczne do rozgrywki. <\/p>\n\n\n\n<p>Ka\u017cda karta reprezentuje jedn\u0105 z 41 gmin tworz\u0105cych metropoli\u0119 GZM. Rewersy kart tworz\u0105 plan uk\u0142adu komunikacyjnego metropolii wraz z granicami administracyjnymi. Razem jako puzzle po z\u0142o\u017ceniu tworz\u0105 map\u0119 metropolii. Na rewersach zamieszczono kody QR, kt\u00f3re po zeskanowaniu s\u0105 odniesieniami do modeli 3D wybranych przestrzeni i obiekt\u00f3w charakterystycznych dla poszczeg\u00f3lnych miast i gmin. Modele mo\u017cna eksplorowa\u0107 w przegl\u0105darce, lub z wykorzystaniem rzeczywisto\u015bci rozszerzonej po zainstalowaniu darmowej aplikacji AUGMENT. <\/p>\n\n\n\n<p>Na awersach przedstawiono grafiki charakterystyczne dla wybranych miejsc: Spodek(Katowice), Planetarium(Chorz\u00f3w), Rynek (Gliwice, Bytom), Kopalnia Guido(Zabrze) etc. Karty awers\u00f3w zawieraj\u0105 dane liczbowe charakteryzuj\u0105ce gmin\u0119: powierzchni\u0119, liczb\u0119 ludno\u015bci, udzia\u0142 teren\u00f3w zieleni, miejsce w rankingu gmin, sum\u0119 d\u0142ugo\u015bci \u015bcie\u017cek rowerowych. na obrze\u017cach karty zaproponowano pola z punktami, kt\u00f3re r\u00f3wnie\u017c odnosz\u0105 si\u0119 do danych o gminach: ilo\u015b\u0107&nbsp;centr\u00f3w przesiadkowych, ilo\u015b\u0107 dworc\u00f3w, ilo\u015b\u0107 zabytk\u00f3w, obiekt\u00f3w sportowych, czy park\u00f3w.&nbsp;<\/p>\n\n\n\n<p><strong>Gra jest dostosowana dla u\u017cytkownik\u00f3w w r\u00f3\u017cnych wieku od lat 5 w g\u00f3r\u0119<\/strong>. Talia kart mo\u017ce s\u0142u\u017cy\u0107 do klasycznej gry w karty oraz do gier dedykowanych.<\/p>\n\n\n\n<p> Zaproponowano 10 gier m.in. Puzzle, Memory, Wojna wska\u017anik\u00f3w, Pasjans metropolitalny, Wy\u015bcig metropolitalny, Nowa metropolia oraz inne. W niekt\u00f3rych grach przydatne s\u0105 pionki lub dowolne drobne przedmioty je zast\u0119puj\u0105ce oraz kostki do gry. <\/p>\n\n\n\n<p><\/p>\n\n\n\n<figure class=\"wp-block-embed is-type-video is-provider-youtube wp-block-embed-youtube wp-embed-aspect-16-9 wp-has-aspect-ratio\"><div class=\"wp-block-embed__wrapper\">\n<iframe loading=\"lazy\" title=\"Na Politechnice \u015al\u0105skiej powsta\u0142a Gra w Metropoli\u0119 dla GZM\" width=\"525\" height=\"295\" src=\"https:\/\/www.youtube.com\/embed\/DoynauqppjA?feature=oembed\" frameborder=\"0\" allow=\"accelerometer; autoplay; clipboard-write; encrypted-media; gyroscope; picture-in-picture; web-share\" referrerpolicy=\"strict-origin-when-cross-origin\" allowfullscreen><\/iframe>\n<\/div><\/figure>\n\n\n\n<div class=\"wp-block-columns is-layout-flex wp-container-core-columns-is-layout-9d6595d7 wp-block-columns-is-layout-flex\">\n<div class=\"wp-block-column is-layout-flow wp-block-column-is-layout-flow\" style=\"flex-basis:100%\">\n<figure class=\"wp-block-gallery has-nested-images columns-default is-cropped wp-block-gallery-1 is-layout-flex wp-block-gallery-is-layout-flex\">\n<figure class=\"wp-block-image size-large\"><img loading=\"lazy\" decoding=\"async\" width=\"574\" height=\"809\" data-id=\"30\" src=\"https:\/\/grawmetropolie.polsl.pl\/wp-content\/uploads\/2024\/07\/gra-w-metropolie-GZM.jpg\" alt=\"\" class=\"wp-image-30\" srcset=\"https:\/\/grawmetropolie.polsl.pl\/wp-content\/uploads\/2024\/07\/gra-w-metropolie-GZM.jpg 574w, https:\/\/grawmetropolie.polsl.pl\/wp-content\/uploads\/2024\/07\/gra-w-metropolie-GZM-213x300.jpg 213w\" sizes=\"auto, (max-width: 574px) 100vw, 574px\" \/><\/figure>\n\n\n\n<figure class=\"wp-block-image size-large\"><img loading=\"lazy\" decoding=\"async\" width=\"371\" height=\"515\" data-id=\"33\" src=\"https:\/\/grawmetropolie.polsl.pl\/wp-content\/uploads\/2024\/07\/20240130_13555223.jpg\" alt=\"\" class=\"wp-image-33\" srcset=\"https:\/\/grawmetropolie.polsl.pl\/wp-content\/uploads\/2024\/07\/20240130_13555223.jpg 371w, https:\/\/grawmetropolie.polsl.pl\/wp-content\/uploads\/2024\/07\/20240130_13555223-216x300.jpg 216w\" sizes=\"auto, (max-width: 371px) 100vw, 371px\" \/><\/figure>\n\n\n\n<figure class=\"wp-block-image size-large\"><img loading=\"lazy\" decoding=\"async\" width=\"1024\" height=\"720\" data-id=\"31\" src=\"https:\/\/grawmetropolie.polsl.pl\/wp-content\/uploads\/2024\/07\/Rewers_GZM-1024x720.jpg\" alt=\"\" class=\"wp-image-31\" srcset=\"https:\/\/grawmetropolie.polsl.pl\/wp-content\/uploads\/2024\/07\/Rewers_GZM-1024x720.jpg 1024w, https:\/\/grawmetropolie.polsl.pl\/wp-content\/uploads\/2024\/07\/Rewers_GZM-300x211.jpg 300w, https:\/\/grawmetropolie.polsl.pl\/wp-content\/uploads\/2024\/07\/Rewers_GZM-768x540.jpg 768w, https:\/\/grawmetropolie.polsl.pl\/wp-content\/uploads\/2024\/07\/Rewers_GZM-1536x1079.jpg 1536w, https:\/\/grawmetropolie.polsl.pl\/wp-content\/uploads\/2024\/07\/Rewers_GZM-2048x1439.jpg 2048w\" sizes=\"auto, (max-width: 767px) 89vw, (max-width: 1000px) 54vw, (max-width: 1071px) 543px, 580px\" \/><\/figure>\n\n\n\n<figure class=\"wp-block-image size-large\"><img loading=\"lazy\" decoding=\"async\" width=\"1024\" height=\"473\" data-id=\"37\" src=\"https:\/\/grawmetropolie.polsl.pl\/wp-content\/uploads\/2024\/07\/20231212_145030-1024x473.jpg\" alt=\"\" class=\"wp-image-37\" srcset=\"https:\/\/grawmetropolie.polsl.pl\/wp-content\/uploads\/2024\/07\/20231212_145030-1024x473.jpg 1024w, https:\/\/grawmetropolie.polsl.pl\/wp-content\/uploads\/2024\/07\/20231212_145030-300x139.jpg 300w, https:\/\/grawmetropolie.polsl.pl\/wp-content\/uploads\/2024\/07\/20231212_145030-768x355.jpg 768w, https:\/\/grawmetropolie.polsl.pl\/wp-content\/uploads\/2024\/07\/20231212_145030-1536x710.jpg 1536w, https:\/\/grawmetropolie.polsl.pl\/wp-content\/uploads\/2024\/07\/20231212_145030.jpg 1920w\" sizes=\"auto, (max-width: 767px) 89vw, (max-width: 1000px) 54vw, (max-width: 1071px) 543px, 580px\" \/><\/figure>\n<\/figure>\n<\/div>\n<\/div>\n\n\n\n<p>Gra powsta\u0142a na potrzeby edukacji i popularyzacji wiedzy o metropolii GZM i stanowi interaktywne narz\u0119dzie do jej poznawania. Jej autorami s\u0105 studenci Wydzia\u0142u architektury oraz cz\u0142onkowie ko\u0142a naukowego Urbanmodel pod&nbsp; kierunkiem Tomasz Bradeckiego.<\/p>\n","protected":false},"excerpt":{"rendered":"<p>GRA W METROPOLI\u0118 ma celu popularyzacj\u0119 wiedzy o G\u00f3rno\u015bl\u0105sko-Zag\u0142\u0119biowskiej metropolii oraz zrozumienie jest wieloaspektowej z\u0142o\u017cono\u015bci. Nieskromnie uwa\u017camy, \u017ce METROPOLI jest wyj\u0105tkowa, poniewa\u017c: To gra dla wszystkich nie tylko architekt\u00f3wTo gra, w kt\u00f3r\u0105 mo\u017cna skuteczniej gra\u0107 i wygra\u0107 tylko przez dobre poznanie metropoliiTo gra, w kt\u00f3rej plansz\u0105 jest fragment planu metropolii, a pola, w kt\u00f3re gracz &hellip; <\/p>\n<p class=\"link-more\"><a href=\"https:\/\/grawmetropolie.polsl.pl\/index.php\/strona-glowna\/\" class=\"more-link\">Czytaj dalej<span class=\"screen-reader-text\"> \u201eO GRZE\u201d<\/span><\/a><\/p>\n","protected":false},"author":1,"featured_media":612,"parent":0,"menu_order":0,"comment_status":"closed","ping_status":"closed","template":"","meta":{"_eb_attr":"","_uag_custom_page_level_css":"","footnotes":""},"class_list":["post-9","page","type-page","status-publish","has-post-thumbnail","hentry"],"uagb_featured_image_src":{"full":["https:\/\/grawmetropolie.polsl.pl\/wp-content\/uploads\/2025\/05\/METROPOLII-3-scaled.jpg",2560,1707,false],"thumbnail":["https:\/\/grawmetropolie.polsl.pl\/wp-content\/uploads\/2025\/05\/METROPOLII-3-150x150.jpg",150,150,true],"medium":["https:\/\/grawmetropolie.polsl.pl\/wp-content\/uploads\/2025\/05\/METROPOLII-3-300x200.jpg",300,200,true],"medium_large":["https:\/\/grawmetropolie.polsl.pl\/wp-content\/uploads\/2025\/05\/METROPOLII-3-768x512.jpg",525,350,true],"large":["https:\/\/grawmetropolie.polsl.pl\/wp-content\/uploads\/2025\/05\/METROPOLII-3-1024x683.jpg",525,350,true],"1536x1536":["https:\/\/grawmetropolie.polsl.pl\/wp-content\/uploads\/2025\/05\/METROPOLII-3-1536x1024.jpg",1536,1024,true],"2048x2048":["https:\/\/grawmetropolie.polsl.pl\/wp-content\/uploads\/2025\/05\/METROPOLII-3-2048x1365.jpg",2048,1365,true],"twentyseventeen-featured-image":["https:\/\/grawmetropolie.polsl.pl\/wp-content\/uploads\/2025\/05\/METROPOLII-3-2000x1200.jpg",2000,1200,true],"twentyseventeen-thumbnail-avatar":["https:\/\/grawmetropolie.polsl.pl\/wp-content\/uploads\/2025\/05\/METROPOLII-3-100x100.jpg",100,100,true]},"uagb_author_info":{"display_name":"bradecki","author_link":"https:\/\/grawmetropolie.polsl.pl\/index.php\/author\/bradecki\/"},"uagb_comment_info":0,"uagb_excerpt":"GRA W METROPOLI\u0118 ma celu popularyzacj\u0119 wiedzy o G\u00f3rno\u015bl\u0105sko-Zag\u0142\u0119biowskiej metropolii oraz zrozumienie jest wieloaspektowej z\u0142o\u017cono\u015bci. Nieskromnie uwa\u017camy, \u017ce METROPOLI jest wyj\u0105tkowa, poniewa\u017c: To gra dla wszystkich nie tylko architekt\u00f3wTo gra, w kt\u00f3r\u0105 mo\u017cna skuteczniej gra\u0107 i wygra\u0107 tylko przez dobre poznanie metropoliiTo gra, w kt\u00f3rej plansz\u0105 jest fragment planu metropolii, a pola, w kt\u00f3re gracz&hellip;","_links":{"self":[{"href":"https:\/\/grawmetropolie.polsl.pl\/index.php\/wp-json\/wp\/v2\/pages\/9","targetHints":{"allow":["GET"]}}],"collection":[{"href":"https:\/\/grawmetropolie.polsl.pl\/index.php\/wp-json\/wp\/v2\/pages"}],"about":[{"href":"https:\/\/grawmetropolie.polsl.pl\/index.php\/wp-json\/wp\/v2\/types\/page"}],"author":[{"embeddable":true,"href":"https:\/\/grawmetropolie.polsl.pl\/index.php\/wp-json\/wp\/v2\/users\/1"}],"replies":[{"embeddable":true,"href":"https:\/\/grawmetropolie.polsl.pl\/index.php\/wp-json\/wp\/v2\/comments?post=9"}],"version-history":[{"count":16,"href":"https:\/\/grawmetropolie.polsl.pl\/index.php\/wp-json\/wp\/v2\/pages\/9\/revisions"}],"predecessor-version":[{"id":715,"href":"https:\/\/grawmetropolie.polsl.pl\/index.php\/wp-json\/wp\/v2\/pages\/9\/revisions\/715"}],"wp:featuredmedia":[{"embeddable":true,"href":"https:\/\/grawmetropolie.polsl.pl\/index.php\/wp-json\/wp\/v2\/media\/612"}],"wp:attachment":[{"href":"https:\/\/grawmetropolie.polsl.pl\/index.php\/wp-json\/wp\/v2\/media?parent=9"}],"curies":[{"name":"wp","href":"https:\/\/api.w.org\/{rel}","templated":true}]}}