{"id":62,"date":"2024-07-15T23:08:28","date_gmt":"2024-07-15T21:08:28","guid":{"rendered":"https:\/\/grawmetropolie.polsl.pl\/?page_id=62"},"modified":"2025-03-20T12:14:47","modified_gmt":"2025-03-20T11:14:47","slug":"rekomendacje","status":"publish","type":"page","link":"https:\/\/grawmetropolie.polsl.pl\/index.php\/rekomendacje\/","title":{"rendered":"REKOMENDACJE"},"content":{"rendered":"\n<p>Gr\u0119 rekomenduj\u0105 uznane organizacje, instytucje oraz profesjonali\u015bci.<\/p>\n\n\n\n<p>Organizacje i instytucje:<\/p>\n\n\n<div class=\"wp-block-image\">\n<figure class=\"aligncenter size-large is-resized\"><img loading=\"lazy\" decoding=\"async\" width=\"1024\" height=\"586\" src=\"https:\/\/grawmetropolie.polsl.pl\/wp-content\/uploads\/2025\/03\/730ffd04-da8d-4b12-898c-5fc133e502d7-1-1024x586.jpeg\" alt=\"\" class=\"wp-image-489\" style=\"width:355px;height:auto\" srcset=\"https:\/\/grawmetropolie.polsl.pl\/wp-content\/uploads\/2025\/03\/730ffd04-da8d-4b12-898c-5fc133e502d7-1-1024x586.jpeg 1024w, https:\/\/grawmetropolie.polsl.pl\/wp-content\/uploads\/2025\/03\/730ffd04-da8d-4b12-898c-5fc133e502d7-1-300x172.jpeg 300w, https:\/\/grawmetropolie.polsl.pl\/wp-content\/uploads\/2025\/03\/730ffd04-da8d-4b12-898c-5fc133e502d7-1-768x440.jpeg 768w, https:\/\/grawmetropolie.polsl.pl\/wp-content\/uploads\/2025\/03\/730ffd04-da8d-4b12-898c-5fc133e502d7-1-1536x879.jpeg 1536w, https:\/\/grawmetropolie.polsl.pl\/wp-content\/uploads\/2025\/03\/730ffd04-da8d-4b12-898c-5fc133e502d7-1.jpeg 2048w\" sizes=\"auto, (max-width: 767px) 89vw, (max-width: 1000px) 54vw, (max-width: 1071px) 543px, 580px\" \/><\/figure>\n<\/div>\n\n<div class=\"wp-block-image\">\n<figure class=\"aligncenter size-full\"><img loading=\"lazy\" decoding=\"async\" width=\"245\" height=\"205\" src=\"https:\/\/grawmetropolie.polsl.pl\/wp-content\/uploads\/2024\/07\/image.png\" alt=\"\" class=\"wp-image-69\"\/><figcaption class=\"wp-element-caption\">Towarzystwo Urbanist\u00f3w Polskich o. \u015al\u0105ski<\/figcaption><\/figure>\n<\/div>\n\n<div class=\"wp-block-image\">\n<figure class=\"aligncenter size-full is-resized\"><a href=\"https:\/\/www.architekturaibiznes.pl\/\"><img loading=\"lazy\" decoding=\"async\" width=\"800\" height=\"800\" src=\"https:\/\/grawmetropolie.polsl.pl\/wp-content\/uploads\/2024\/08\/image.png\" alt=\"\" class=\"wp-image-78\" style=\"width:200px;height:auto\" srcset=\"https:\/\/grawmetropolie.polsl.pl\/wp-content\/uploads\/2024\/08\/image.png 800w, https:\/\/grawmetropolie.polsl.pl\/wp-content\/uploads\/2024\/08\/image-300x300.png 300w, https:\/\/grawmetropolie.polsl.pl\/wp-content\/uploads\/2024\/08\/image-150x150.png 150w, https:\/\/grawmetropolie.polsl.pl\/wp-content\/uploads\/2024\/08\/image-768x768.png 768w, https:\/\/grawmetropolie.polsl.pl\/wp-content\/uploads\/2024\/08\/image-100x100.png 100w\" sizes=\"auto, (max-width: 767px) 89vw, (max-width: 1000px) 54vw, (max-width: 1071px) 543px, 580px\" \/><\/a><\/figure>\n<\/div>\n\n\n<p><strong>Gra w Metropoli\u0119 \u2013 rekomendacja Komisji Studi\u00f3w nad Przysz\u0142o\u015bci\u0105 G\u00f3rnego \u015al\u0105ska PAN<\/strong><\/p>\n\n\n\n<p><em>Interdyscyplinarna Komisja Studi\u00f3w nad Przysz\u0142o\u015bci\u0105 G\u00f3rnego \u015al\u0105ska, dzia\u0142aj\u0105ca w ramach Polskiej Akademii Nauk oddzia\u0142 w Katowicach, rekomenduje indywidualnym badaczom oraz r\u00f3\u017cnym \u015brodowiskom, dla kt\u00f3rych G\u00f3rno\u015bl\u0105sko-Zag\u0142\u0119biowska Metropolia jest obiektem zainteresowa\u0144 osobistych i profesjonalnych Gr\u0119 w Metropoli\u0119 \u2013 planszow\u0105 i karcian\u0105 gr\u0119 przybli\u017caj\u0105c\u0105 dziedzictwo kulturowe GZM. Prezentacja gry zrealizowana przez Pana Profesora Tomasza Bradeckiego w trakcie plenarnego posiedzenia Komisji Studi\u00f3w nad Przysz\u0142o\u015bci\u0105 G\u00f3rnego \u015al\u0105ska sta\u0142a si\u0119 podstaw\u0105 debaty na temat atrakcyjnych sposob\u00f3w upowszechniania wiedzy o naszym regionie z wykorzystaniem niekonwencjonalnych narz\u0119dzi umo\u017cliwiaj\u0105cych dotarcie do r\u00f3\u017cnych grup odbiorc\u00f3w. \u015arodowisko skupione wok\u00f3\u0142 Komisji uzna\u0142o gr\u0119 za niezwykle interesuj\u0105ce i oryginalne dzie\u0142o o walorach zar\u00f3wno naukowych jak i popularyzatorskich. Rozpowszechnienie gry i zwi\u0105zanej z ni\u0105 publikacji mo\u017ce odegra\u0107 znacz\u0105c\u0105 rol\u0119 w kreowaniu pozytywnego wizerunku i marki najbardziej z\u0142o\u017conego obszaru metropolitalnego Polski.<\/em><\/p>\n\n\n\n<p>W imieniu Komisji<\/p>\n\n\n\n<p>prof. zw. dr hab. Andrzej Klasik Przewodnicz\u0105cy Komisji Studi\u00f3w nad Przysz\u0142o\u015bci\u0105 G\u00f3rnego \u015al\u0105ska <br>dr Krzysztof Wrana Sekretarz Naukowy Komisji Studi\u00f3w nad Przysz\u0142o\u015bci\u0105 G\u00f3rnego \u015al\u0105ska<\/p>\n\n\n\n<p><em><strong>Czekamy na recenzje, <\/strong>kt\u00f3re tutaj dodajemy, dzi\u0119kujemy za dotychczasowe<\/em><\/p>\n\n\n\n<p><em>Gra w Metropoli\u0119 to unikalne narz\u0119dzie edukacyjne, kt\u00f3re promuje wiedz\u0119 o G\u00f3rno\u015bl\u0105sko-Zag\u0142\u0119biowskiej Metropolii (GZM) i jej wieloaspektowej z\u0142o\u017cono\u015bci. Jest to \u015bwietna zabawa, nauka i przygoda w jednym. Serdecznie polecam gr\u0119, dzi\u0119ki kt\u00f3rej mo\u017cna odkrywa\u0107 i do\u015bwiadcza\u0107, jak fascynuj\u0105ce jest nasze najbli\u017csze otoczenie.<\/em><\/p>\n\n\n\n<p class=\"has-text-align-right\">dr hab. in\u017c. arch. Micha\u0142 Stangel prof. P\u015a.<br>Katedra Urbanistyki i Planowania Przestrzennego<br>Wydzia\u0142 Architektury Politechniki \u015al\u0105skiej<\/p>\n\n\n\n<p><em>Kto\u015b kiedy\u015b powiedzia\u0142, \u017ce miasto to gra. Poj\u0119cie &#8222;gry w miasto&#8221; przyj\u0119\u0142o si\u0119 i wesz\u0142o do s\u0142ownika urbanistycznego i planistycznego. Je\u015bli mo\u017cna gra\u0107 w miasto to mo\u017cna te\u017c gra\u0107 w metropoli\u0119 &#8211; organizm wielokrotnie bardziej z\u0142o\u017cony nie tylko pod wzgl\u0119dem funkcjonalno-przestrzennym, ale te\u017c &#8211;&nbsp;politycznym i organizacyjnym. Autorzy Gry w metropoli\u0119 pokazuj\u0105 i udowadniaj\u0105, \u017ce Gra w metropoli\u0119 jest mo\u017cliwa. Dos\u0142ownie i w przeno\u015bni. Gra karciana Gra w Metropoli\u0119 to nie tylko \u015bwietna zabawa, ale te\u017c&nbsp;edukacja. Zastosowa\u0144 i mo\u017cliwo\u015bci wykorzystania gry karcianej dotycz\u0105cej metropolii jest wiele. Uczestnik\u00f3w tej gry mo\u017ce by\u0107 wiele: m\u0142odzie\u017c, studenci&#8230; ale ja nie waha\u0142bym si\u0119 zach\u0119ci\u0107 do grania w Metropoli\u0119 tak\u017ce doros\u0142ych, polityk\u00f3w i w\u0142odarzy.<\/em><\/p>\n\n\n\n<p class=\"has-text-align-right\">dr hab. in\u017c. arch. Krzysztof Kafka prof. P\u015a.<br>Katedra Urbanistyki i Planowania Przestrzennego<br>Wydzia\u0142 Architektury Politechniki \u015al\u0105skiej<\/p>\n\n\n\n<p><\/p>\n\n\n\n<p>z recenzji publikacji: <\/p>\n\n\n\n<p><em>Metropolie jako najbardziej z\u0142o\u017cone organizmy miejskie podlegaj\u0105 dynamicznym procesom, w kt\u00f3rych sie\u0107 zale\u017cno\u015bci pomi\u0119dzy powi\u0105zanymi gminami jest tworem o delikatnej r\u00f3wnowadze. Niewielka zmiana w krajobrazie czynnik\u00f3w wp\u0142ywaj\u0105cych na rozw\u00f3j miasta mo\u017ce mie\u0107 znacz\u0105ce konsekwencje wp\u0142ywaj\u0105ce na zmiany jako\u015bci \u017cycia i przestrzeni w aglomeracji. \u201cGra w metropoli\u0119\u201d pozwala na symulacj\u0119 tych proces\u00f3w w atrakcyjny i dost\u0119pny dla szerokiego grona odbiorc\u00f3w, korzystaj\u0105c r\u00f3wnocze\u015bnie z narz\u0119dzi stosowanych w profesjonalnej praktyce urbanistycznej. Przybli\u017ca znaczenie wska\u017anik\u00f3w urbanistycznych oraz pozwala \u015bledzi\u0107 konsekwencje ich zmian w trakcie oferowanych przez gr\u0119 scenariuszy rozgrywki.<\/em><\/p>\n\n\n\n<p>prof. PK dr hab. in\u017c. arch. Patrycja Haupt &#8211; Politechnika Krakowska<\/p>\n\n\n\n<p><em>Gra  karciana  GZM  Metropolis  nabiera  zatem podw\u00f3jnej warto\u015bci edukacyjnej: z jednej strony &#8211; jak  dla  Ungersa  &#8211;  spe\u0142nia  zadanie  &#8222;urbanistyki odkrywania&#8221;,  w  kt\u00f3rej  uczniowie  mog\u0105  odkrywa\u0107 udogodnienia  i  relacje  mi\u0119dzy  poszczeg\u00f3lnymi  &#8222;miejscami,  kt\u00f3re  mo\u017cna  nazwa\u0107&#8221;.  Z  drugiej strony,  r\u00f3\u017cne  gry,  w  kt\u00f3re  pozwalaj\u0105  nam  gra\u0107 karty,  pobudzaj\u0105  wyobra\u017ani\u0119  do  uk\u0142adania mo\u017cliwych  nowych  wszech\u015bwiat\u00f3w  i  nap\u0119dzaj\u0105 urbanistyk\u0119  odkrywania  w  kierunku  urbanistyki gry, ale powa\u017cnej.<\/em><br>prof. Lamberto Amistadi &#8211; University of Bologna<\/p>\n","protected":false},"excerpt":{"rendered":"<p>Gr\u0119 rekomenduj\u0105 uznane organizacje, instytucje oraz profesjonali\u015bci. Organizacje i instytucje: Gra w Metropoli\u0119 \u2013 rekomendacja Komisji Studi\u00f3w nad Przysz\u0142o\u015bci\u0105 G\u00f3rnego \u015al\u0105ska PAN Interdyscyplinarna Komisja Studi\u00f3w nad Przysz\u0142o\u015bci\u0105 G\u00f3rnego \u015al\u0105ska, dzia\u0142aj\u0105ca w ramach Polskiej Akademii Nauk oddzia\u0142 w Katowicach, rekomenduje indywidualnym badaczom oraz r\u00f3\u017cnym \u015brodowiskom, dla kt\u00f3rych G\u00f3rno\u015bl\u0105sko-Zag\u0142\u0119biowska Metropolia jest obiektem zainteresowa\u0144 osobistych i profesjonalnych Gr\u0119 &hellip; <\/p>\n<p class=\"link-more\"><a href=\"https:\/\/grawmetropolie.polsl.pl\/index.php\/rekomendacje\/\" class=\"more-link\">Czytaj dalej<span class=\"screen-reader-text\"> \u201eREKOMENDACJE\u201d<\/span><\/a><\/p>\n","protected":false},"author":1,"featured_media":0,"parent":0,"menu_order":0,"comment_status":"closed","ping_status":"closed","template":"","meta":{"_eb_attr":"","_uag_custom_page_level_css":"","footnotes":""},"class_list":["post-62","page","type-page","status-publish","hentry"],"uagb_featured_image_src":{"full":false,"thumbnail":false,"medium":false,"medium_large":false,"large":false,"1536x1536":false,"2048x2048":false,"twentyseventeen-featured-image":false,"twentyseventeen-thumbnail-avatar":false},"uagb_author_info":{"display_name":"bradecki","author_link":"https:\/\/grawmetropolie.polsl.pl\/index.php\/author\/bradecki\/"},"uagb_comment_info":0,"uagb_excerpt":"Gr\u0119 rekomenduj\u0105 uznane organizacje, instytucje oraz profesjonali\u015bci. Organizacje i instytucje: Gra w Metropoli\u0119 \u2013 rekomendacja Komisji Studi\u00f3w nad Przysz\u0142o\u015bci\u0105 G\u00f3rnego \u015al\u0105ska PAN Interdyscyplinarna Komisja Studi\u00f3w nad Przysz\u0142o\u015bci\u0105 G\u00f3rnego \u015al\u0105ska, dzia\u0142aj\u0105ca w ramach Polskiej Akademii Nauk oddzia\u0142 w Katowicach, rekomenduje indywidualnym badaczom oraz r\u00f3\u017cnym \u015brodowiskom, dla kt\u00f3rych G\u00f3rno\u015bl\u0105sko-Zag\u0142\u0119biowska Metropolia jest obiektem zainteresowa\u0144 osobistych i profesjonalnych Gr\u0119&hellip;","_links":{"self":[{"href":"https:\/\/grawmetropolie.polsl.pl\/index.php\/wp-json\/wp\/v2\/pages\/62","targetHints":{"allow":["GET"]}}],"collection":[{"href":"https:\/\/grawmetropolie.polsl.pl\/index.php\/wp-json\/wp\/v2\/pages"}],"about":[{"href":"https:\/\/grawmetropolie.polsl.pl\/index.php\/wp-json\/wp\/v2\/types\/page"}],"author":[{"embeddable":true,"href":"https:\/\/grawmetropolie.polsl.pl\/index.php\/wp-json\/wp\/v2\/users\/1"}],"replies":[{"embeddable":true,"href":"https:\/\/grawmetropolie.polsl.pl\/index.php\/wp-json\/wp\/v2\/comments?post=62"}],"version-history":[{"count":8,"href":"https:\/\/grawmetropolie.polsl.pl\/index.php\/wp-json\/wp\/v2\/pages\/62\/revisions"}],"predecessor-version":[{"id":492,"href":"https:\/\/grawmetropolie.polsl.pl\/index.php\/wp-json\/wp\/v2\/pages\/62\/revisions\/492"}],"wp:attachment":[{"href":"https:\/\/grawmetropolie.polsl.pl\/index.php\/wp-json\/wp\/v2\/media?parent=62"}],"curies":[{"name":"wp","href":"https:\/\/api.w.org\/{rel}","templated":true}]}}