{"id":521,"date":"2025-04-17T11:41:43","date_gmt":"2025-04-17T09:41:43","guid":{"rendered":"https:\/\/grawmetropolie.polsl.pl\/?page_id=521"},"modified":"2026-02-12T14:49:07","modified_gmt":"2026-02-12T13:49:07","slug":"o-nas","status":"publish","type":"page","link":"https:\/\/grawmetropolie.polsl.pl\/index.php\/o-nas\/","title":{"rendered":"O NAS"},"content":{"rendered":"\n<p>O tw\u00f3rcach KART I&nbsp;GRY W METROPOLI\u0118 <\/p>\n\n\n\n<p>Idea na projekt rozpocz\u0119\u0142a si\u0119 ju\u017c w 2023 roku. Od tego czasu grono ludzi pracuj\u0105cych nad rozwojem projektu tylko si\u0119 powi\u0119ksza\u0142o.<\/p>\n\n\n\n<p><strong>AUTORZY:<\/strong><\/p>\n\n\n\n<p>\u2013 dr hab. in\u017c. arch. Tomasz Bradecki- promotor i pomys\u0142odawca projektu, wyk\u0142adowca na Politechnice \u015al\u0105skiej, za\u0142o\u017cyciel grupy badawczej i ko\u0142a naukowego URBANMODEL<\/p>\n\n\n\n<p>\u2013 <strong>Tw\u00f3rcy Gry planszowej: <\/strong><em>Daria Bal, Aleksandra Bara\u0144ska, Karolina D\u0119bczak, Magdalena Fija\u0142 Amelia Ga\u0142as, Igor Gdula, Kasia Kotarska, Izabela Mularczyk, Paulina Miszczak, B\u0142a\u017cej M\u00f3l, Justyna Nowak, Oskar Rosiko\u0144, Marta Sanig\u00f3rska, Magdalena Sikora, Paulina Siudyka, Wiktoria Sobol, Ma\u0142gorzata Wasik, Karolina W\u0105si\u0144ska, Wiktoria Wiendlocha, Micha\u0142 Zaj\u0105c.<\/em><\/p>\n\n\n\n<p>\u2013 T<strong>w\u00f3rcy kart do gry: <\/strong><em>Batko Dominika, Bobek Kornelia, Gdula Igor, Gole\u015bny Tymoteusz, Haupt Patrycja, Iskra Patrycja, Kiersnowska Oliwia, Kowalski Kamil, Krzempek Martyna, Krzywo\u0144 Ma\u0142gorzata, Mularczyk Izabela, Nowak Justyna, Pisarek Julia, Pluta Ma\u0142gorzata, Rospondek Olga, Sikora Magdalena, Siudyka Paulina, S\u0142owik Emilia, Szymonek Dominika, \u015awieca Maja, Wi\u0119ckowska Julia, W\u0142odyka Kinga<\/em><\/p>\n\n\n\n<p>OBECNY SK\u0141AD KO\u0141A NAUKOWEGO URBANMODEL:<\/p>\n\n\n\n<figure class=\"wp-block-image size-large\"><img loading=\"lazy\" decoding=\"async\" width=\"724\" height=\"1024\" src=\"https:\/\/grawmetropolie.polsl.pl\/wp-content\/uploads\/2026\/02\/czlonkowie2-724x1024.png\" alt=\"\" class=\"wp-image-833\" srcset=\"https:\/\/grawmetropolie.polsl.pl\/wp-content\/uploads\/2026\/02\/czlonkowie2-724x1024.png 724w, https:\/\/grawmetropolie.polsl.pl\/wp-content\/uploads\/2026\/02\/czlonkowie2-212x300.png 212w, https:\/\/grawmetropolie.polsl.pl\/wp-content\/uploads\/2026\/02\/czlonkowie2-768x1086.png 768w, https:\/\/grawmetropolie.polsl.pl\/wp-content\/uploads\/2026\/02\/czlonkowie2-1086x1536.png 1086w, https:\/\/grawmetropolie.polsl.pl\/wp-content\/uploads\/2026\/02\/czlonkowie2-1448x2048.png 1448w, https:\/\/grawmetropolie.polsl.pl\/wp-content\/uploads\/2026\/02\/czlonkowie2-scaled.png 1811w\" sizes=\"auto, (max-width: 724px) 100vw, 724px\" \/><\/figure>\n\n\n\n<figure class=\"wp-block-image size-large\"><img loading=\"lazy\" decoding=\"async\" width=\"577\" height=\"1024\" src=\"https:\/\/grawmetropolie.polsl.pl\/wp-content\/uploads\/2025\/07\/img_9365-1-577x1024.jpg\" alt=\"\" class=\"wp-image-692\" srcset=\"https:\/\/grawmetropolie.polsl.pl\/wp-content\/uploads\/2025\/07\/img_9365-1-577x1024.jpg 577w, https:\/\/grawmetropolie.polsl.pl\/wp-content\/uploads\/2025\/07\/img_9365-1-169x300.jpg 169w, https:\/\/grawmetropolie.polsl.pl\/wp-content\/uploads\/2025\/07\/img_9365-1-768x1364.jpg 768w, https:\/\/grawmetropolie.polsl.pl\/wp-content\/uploads\/2025\/07\/img_9365-1-865x1536.jpg 865w, https:\/\/grawmetropolie.polsl.pl\/wp-content\/uploads\/2025\/07\/img_9365-1.jpg 1126w\" sizes=\"auto, (max-width: 577px) 100vw, 577px\" \/><\/figure>\n","protected":false},"excerpt":{"rendered":"<p>O tw\u00f3rcach KART I&nbsp;GRY W METROPOLI\u0118 Idea na projekt rozpocz\u0119\u0142a si\u0119 ju\u017c w 2023 roku. Od tego czasu grono ludzi pracuj\u0105cych nad rozwojem projektu tylko si\u0119 powi\u0119ksza\u0142o. AUTORZY: \u2013 dr hab. in\u017c. arch. Tomasz Bradecki- promotor i pomys\u0142odawca projektu, wyk\u0142adowca na Politechnice \u015al\u0105skiej, za\u0142o\u017cyciel grupy badawczej i ko\u0142a naukowego URBANMODEL \u2013 Tw\u00f3rcy Gry planszowej: Daria &hellip; <\/p>\n<p class=\"link-more\"><a href=\"https:\/\/grawmetropolie.polsl.pl\/index.php\/o-nas\/\" class=\"more-link\">Czytaj dalej<span class=\"screen-reader-text\"> \u201eO NAS\u201d<\/span><\/a><\/p>\n","protected":false},"author":1,"featured_media":0,"parent":0,"menu_order":0,"comment_status":"closed","ping_status":"closed","template":"","meta":{"_eb_attr":"","_uag_custom_page_level_css":"","footnotes":""},"class_list":["post-521","page","type-page","status-publish","hentry"],"uagb_featured_image_src":{"full":false,"thumbnail":false,"medium":false,"medium_large":false,"large":false,"1536x1536":false,"2048x2048":false,"twentyseventeen-featured-image":false,"twentyseventeen-thumbnail-avatar":false},"uagb_author_info":{"display_name":"bradecki","author_link":"https:\/\/grawmetropolie.polsl.pl\/index.php\/author\/bradecki\/"},"uagb_comment_info":0,"uagb_excerpt":"O tw\u00f3rcach KART I&nbsp;GRY W METROPOLI\u0118 Idea na projekt rozpocz\u0119\u0142a si\u0119 ju\u017c w 2023 roku. Od tego czasu grono ludzi pracuj\u0105cych nad rozwojem projektu tylko si\u0119 powi\u0119ksza\u0142o. AUTORZY: \u2013 dr hab. in\u017c. arch. Tomasz Bradecki- promotor i pomys\u0142odawca projektu, wyk\u0142adowca na Politechnice \u015al\u0105skiej, za\u0142o\u017cyciel grupy badawczej i ko\u0142a naukowego URBANMODEL \u2013 Tw\u00f3rcy Gry planszowej: Daria&hellip;","_links":{"self":[{"href":"https:\/\/grawmetropolie.polsl.pl\/index.php\/wp-json\/wp\/v2\/pages\/521","targetHints":{"allow":["GET"]}}],"collection":[{"href":"https:\/\/grawmetropolie.polsl.pl\/index.php\/wp-json\/wp\/v2\/pages"}],"about":[{"href":"https:\/\/grawmetropolie.polsl.pl\/index.php\/wp-json\/wp\/v2\/types\/page"}],"author":[{"embeddable":true,"href":"https:\/\/grawmetropolie.polsl.pl\/index.php\/wp-json\/wp\/v2\/users\/1"}],"replies":[{"embeddable":true,"href":"https:\/\/grawmetropolie.polsl.pl\/index.php\/wp-json\/wp\/v2\/comments?post=521"}],"version-history":[{"count":7,"href":"https:\/\/grawmetropolie.polsl.pl\/index.php\/wp-json\/wp\/v2\/pages\/521\/revisions"}],"predecessor-version":[{"id":834,"href":"https:\/\/grawmetropolie.polsl.pl\/index.php\/wp-json\/wp\/v2\/pages\/521\/revisions\/834"}],"wp:attachment":[{"href":"https:\/\/grawmetropolie.polsl.pl\/index.php\/wp-json\/wp\/v2\/media?parent=521"}],"curies":[{"name":"wp","href":"https:\/\/api.w.org\/{rel}","templated":true}]}}