{"id":11,"date":"2024-07-03T13:48:12","date_gmt":"2024-07-03T11:48:12","guid":{"rendered":"https:\/\/grawmetropolie.polsl.pl\/?page_id=11"},"modified":"2025-07-28T15:24:03","modified_gmt":"2025-07-28T13:24:03","slug":"kontakt","status":"publish","type":"page","link":"https:\/\/grawmetropolie.polsl.pl\/index.php\/kontakt\/","title":{"rendered":"SPRZEDA\u017b"},"content":{"rendered":"\n<figure class=\"wp-block-image size-large is-resized\"><img loading=\"lazy\" decoding=\"async\" width=\"1024\" height=\"1024\" src=\"https:\/\/grawmetropolie.polsl.pl\/wp-content\/uploads\/2024\/10\/pngegg-6-1-1024x1024.png\" alt=\"\" class=\"wp-image-405\" style=\"width:102px;height:auto\" srcset=\"https:\/\/grawmetropolie.polsl.pl\/wp-content\/uploads\/2024\/10\/pngegg-6-1-1024x1024.png 1024w, https:\/\/grawmetropolie.polsl.pl\/wp-content\/uploads\/2024\/10\/pngegg-6-1-300x300.png 300w, https:\/\/grawmetropolie.polsl.pl\/wp-content\/uploads\/2024\/10\/pngegg-6-1-150x150.png 150w, https:\/\/grawmetropolie.polsl.pl\/wp-content\/uploads\/2024\/10\/pngegg-6-1-768x768.png 768w, https:\/\/grawmetropolie.polsl.pl\/wp-content\/uploads\/2024\/10\/pngegg-6-1-100x100.png 100w, https:\/\/grawmetropolie.polsl.pl\/wp-content\/uploads\/2024\/10\/pngegg-6-1.png 1200w\" sizes=\"auto, (max-width: 767px) 89vw, (max-width: 1000px) 54vw, (max-width: 1071px) 543px, 580px\" \/><\/figure>\n\n\n\n<div class=\"wp-block-buttons is-layout-flex wp-block-buttons-is-layout-flex\">\n<div class=\"wp-block-button\"><a class=\"wp-block-button__link has-text-align-right wp-element-button\" href=\"https:\/\/esklep.polsl.pl\/shop-full-width\/strona-glowna-2\/gadzety\/gra-w-metropolie-gzm\/\">KUP GR\u0118<\/a><\/div>\n<\/div>\n\n\n\n<p><\/p>\n\n\n\n<p class=\"has-small-font-size\"><em>Komplet gra planszowa wraz z kartami &#8211; <strong>nale\u017cy doda\u0107 obydwa produkty do koszyka<\/strong><\/em><a href=\" https:\/\/esklep.polsl.pl\/shop-full-width\/strona-glowna-2\/gadzety\/zestaw-gry-metropoli\/\"> https:\/\/esklep.polsl.pl\/shop-full-width\/strona-glowna-2\/gadzety\/zestaw-gry-metropoli\/<\/a><\/p>\n\n\n\n<p class=\"has-small-font-size\">K<em>arty w sprzeda\u017cy sklepu Politechniki \u015al\u0105skiej : <a href=\"https:\/\/esklep.polsl.pl\/shop-full-width\/strona-glowna-2\/gadzety\/gra-w-metropolie-gzm\/\">https:\/\/esklep.polsl.pl\/shop-full-width\/strona-glowna-2\/gadzety\/gra-w-metropolie-gzm\/<\/a><\/em><\/p>\n\n\n\n<p><\/p>\n\n\n\n<p>Ko\u0142o naukowe urbanmodel, mail: info@urbanmodel.org<br>Akademicka 7, Gliwice 44-100<\/p>\n\n\n<div class=\"wp-block-image\">\n<figure class=\"aligncenter size-full is-resized\"><img loading=\"lazy\" decoding=\"async\" width=\"968\" height=\"796\" src=\"https:\/\/grawmetropolie.polsl.pl\/wp-content\/uploads\/2024\/07\/pudelko_grafika.jpg\" alt=\"\" class=\"wp-image-48\" style=\"aspect-ratio:1;object-fit:cover;width:432px\" srcset=\"https:\/\/grawmetropolie.polsl.pl\/wp-content\/uploads\/2024\/07\/pudelko_grafika.jpg 968w, https:\/\/grawmetropolie.polsl.pl\/wp-content\/uploads\/2024\/07\/pudelko_grafika-300x247.jpg 300w, https:\/\/grawmetropolie.polsl.pl\/wp-content\/uploads\/2024\/07\/pudelko_grafika-768x632.jpg 768w\" sizes=\"auto, (max-width: 767px) 89vw, (max-width: 1000px) 54vw, (max-width: 1071px) 543px, 580px\" \/><\/figure>\n<\/div>","protected":false},"excerpt":{"rendered":"<p>Komplet gra planszowa wraz z kartami &#8211; nale\u017cy doda\u0107 obydwa produkty do koszyka https:\/\/esklep.polsl.pl\/shop-full-width\/strona-glowna-2\/gadzety\/zestaw-gry-metropoli\/ Karty w sprzeda\u017cy sklepu Politechniki \u015al\u0105skiej : https:\/\/esklep.polsl.pl\/shop-full-width\/strona-glowna-2\/gadzety\/gra-w-metropolie-gzm\/ Ko\u0142o naukowe urbanmodel, mail: info@urbanmodel.orgAkademicka 7, Gliwice 44-100<\/p>\n","protected":false},"author":1,"featured_media":0,"parent":0,"menu_order":0,"comment_status":"closed","ping_status":"closed","template":"","meta":{"_eb_attr":"","_uag_custom_page_level_css":"","footnotes":""},"class_list":["post-11","page","type-page","status-publish","hentry"],"uagb_featured_image_src":{"full":false,"thumbnail":false,"medium":false,"medium_large":false,"large":false,"1536x1536":false,"2048x2048":false,"twentyseventeen-featured-image":false,"twentyseventeen-thumbnail-avatar":false},"uagb_author_info":{"display_name":"bradecki","author_link":"https:\/\/grawmetropolie.polsl.pl\/index.php\/author\/bradecki\/"},"uagb_comment_info":0,"uagb_excerpt":"Komplet gra planszowa wraz z kartami &#8211; nale\u017cy doda\u0107 obydwa produkty do koszyka https:\/\/esklep.polsl.pl\/shop-full-width\/strona-glowna-2\/gadzety\/zestaw-gry-metropoli\/ Karty w sprzeda\u017cy sklepu Politechniki \u015al\u0105skiej : https:\/\/esklep.polsl.pl\/shop-full-width\/strona-glowna-2\/gadzety\/gra-w-metropolie-gzm\/ Ko\u0142o naukowe urbanmodel, mail: info@urbanmodel.orgAkademicka 7, Gliwice 44-100","_links":{"self":[{"href":"https:\/\/grawmetropolie.polsl.pl\/index.php\/wp-json\/wp\/v2\/pages\/11","targetHints":{"allow":["GET"]}}],"collection":[{"href":"https:\/\/grawmetropolie.polsl.pl\/index.php\/wp-json\/wp\/v2\/pages"}],"about":[{"href":"https:\/\/grawmetropolie.polsl.pl\/index.php\/wp-json\/wp\/v2\/types\/page"}],"author":[{"embeddable":true,"href":"https:\/\/grawmetropolie.polsl.pl\/index.php\/wp-json\/wp\/v2\/users\/1"}],"replies":[{"embeddable":true,"href":"https:\/\/grawmetropolie.polsl.pl\/index.php\/wp-json\/wp\/v2\/comments?post=11"}],"version-history":[{"count":10,"href":"https:\/\/grawmetropolie.polsl.pl\/index.php\/wp-json\/wp\/v2\/pages\/11\/revisions"}],"predecessor-version":[{"id":703,"href":"https:\/\/grawmetropolie.polsl.pl\/index.php\/wp-json\/wp\/v2\/pages\/11\/revisions\/703"}],"wp:attachment":[{"href":"https:\/\/grawmetropolie.polsl.pl\/index.php\/wp-json\/wp\/v2\/media?parent=11"}],"curies":[{"name":"wp","href":"https:\/\/api.w.org\/{rel}","templated":true}]}}